 of 8848 and d.
112
Let n be 20/(-6)*414/(-6). Suppose 0 = -54016*c + 54047*c - 310. What is the highest common divisor of c and n?
10
Let w = 12561 - 12527. What is the greatest common divisor of w and 5746?
34
Let p be 21/28*1264/6. Suppose -y - 2*y - 668 = -4*a, -a + 3*y = -p. What is the greatest common divisor of 10 and a?
10
Let j = 113 + -118. Let q be 1/5 + 1020/25 + j. Calculate the greatest common divisor of q and 6.
6
Suppose 3*b - 285 = -291, -4*v + 3*b = -6566. Calculate the highest common factor of v and 1681.
41
Suppose 5*z + 3*a = 975, 0*a + 4*a - 596 = -3*z. Suppose -5*g + z = -18. Calculate the greatest common factor of g and 154.
14
Suppose -3*n - 78 = 5*p, 31 + 10 = -3*p + 4*n. Let y be (p/(-10))/((-494)/500 + 1). What is the greatest common factor of 5 and y?
5
Suppose 223*g - 225*g = -5*v + 3696, -2*g + 2964 = 4*v. Suppose 5*n - 100 = -0*n. Calculate the highest common factor of v and n.
20
Let h(p) = 4*p + 21*p**2 - 3*p**2 + 1 + 10*p**3 - 5 - 9*p**3. Let d be h(-18). Let c = -63 - d. Calculate the highest common factor of c and 52.
13
Let g(b) = b**3 + 5*b**2 - 7*b - 30. Let x be g(-3). Suppose y - 3*k - x = 17, -4*y - k = -39. Calculate the greatest common divisor of 66 and y.
11
Suppose 5*w + 3*h - 12 = 0, 2 = -h - h. Suppose -w*u = 4*z + 1 - 3, 1 = -z. Let a be (52/(-8))/(u + 15/(-6)). What is the highest common divisor of a and 91?
13
Let w = 3925 + -3777. What is the greatest common divisor of 3 and w?
1
Let a be (30/9 + -4)/(1/(-3)). Suppose 3*c - 29 = -q, a*q = -4*c - c + 50. What is the highest common factor of 248 and c?
8
Let g(a) = a**3 - a**2 - 19*a + 13. Let b be g(5). Let y be (-1581)/(-2) + b/12. Suppose 15*r - y = 4*r. Calculate the greatest common divisor of 18 and r.
18
Suppose 1153*j - 441 = 1144*j. Calculate the greatest common divisor of j and 1.
1
Let u = -12304 + 12736. What is the greatest common divisor of 464 and u?
16
Suppose 161*c - 157*c - 298 = -m, m + 5*c - 295 = 0. Calculate the greatest common factor of m and 360.
10
Suppose a - 4*a + 12 = 0. Let f be 80*10/((-100)/(-6)). Calculate the greatest common divisor of a and f.
4
Let w be (-5 - -5)/6 + (-8)/(-2). Let h be ((-2)/(-6))/(8/(-120)). Let g be (h/2)/((-5)/40). Calculate the highest common divisor of g and w.
4
Let g be (-1)/2*((-4)/1)/1. Suppose -3*u + 6 = -g*b, -b + 6*b = -5*u + 35. Let s be (-2 + 8)*18/u. Calculate the highest common factor of s and 135.
27
Let i = 53 - 50. Suppose 0 = 5*c + 2*y, -10 = -5*c + i*y + 15. Suppose 3*p + 3*o = 144 - 0, -c*o + 240 = 5*p. What is the highest common factor of 12 and p?
12
Let k = 77780 + -77748. Let b(u) = 97*u - 1. Let s be b(1). What is the greatest common factor of s and k?
32
Suppose -10*q + 6*q + 1820 = f, 0 = 2*q - f - 916. What is the highest common factor of q and 96?
24
Suppose 4*y - 780 = -4*z + 276, 0 = y + 5*z - 264. Suppose -5*t = -3*t + y. Let h = 212 + t. Calculate the highest common factor of 60 and h.
20
Let j be -35*(13 - 988/65). Calculate the greatest common factor of 44 and j.
11
Let d(y) = 7*y - 203. Let o be d(31). Let i be 24/(-15)*(-525)/o. Calculate the greatest common divisor of 2 and i.
2
Let y(s) = -s**3 + 6*s**2 + 47*s + 54. Let w be y(-4). Calculate the greatest common factor of 793 and w.
13
Let z be 3/(-2) - -3 - -5*(-12)/(-40). Suppose -w - 322 = -5*v + v, -4*v + 318 = -3*w. Calculate the greatest common divisor of z and v.
3
Let c(r) = -r + 6. Let u be c(5). Let n be u/(-6*(-6)/180). Let h be 8/52 - (-63)/13. What is the greatest common factor of n and h?
5
Let m(r) = 40*r - 3*r**2 - 13*r + 22*r - 15. Let z be m(16). Calculate the greatest common factor of z and 1.
1
Suppose 4*j = 3*j - w + 135, 0 = 3*j - 5*w - 429. What is the highest common divisor of 782 and j?
46
Let l(c) = c**2 + 22*c + 15. Let b be l(0). Suppose m - 2*m = -20. Suppose x - b = m. Calculate the highest common factor of 7 and x.
7
Let w(j) = -j + 2. Let a be w(0). Let l = 1371 + -1336. Suppose -l*o + 27*o + 144 = 0. Calculate the greatest common divisor of o and a.
2
Let f be 294 - (-1)/(-3 - (-32)/12). Let d = f - 60. What is the greatest common factor of d and 42?
21
Let q(r) = 2*r**2 + 13*r - 13. Let n(t) = -3*t**2 - 25*t + 29. Let y(j) = 2*n(j) + 5*q(j). Let b be y(-7). What is the highest common divisor of 140 and b?
28
Let q be 1671*(-1)/(-3) + (-18)/3. Calculate the greatest common factor of q and 232.
29
Let s(v) = 753*v**2 - 716*v - 2843. Let n be s(-4). Calculate the highest common divisor of 324 and n.
81
Let f = 8067 + -1604. Calculate the greatest common divisor of 23 and f.
23
Suppose 3*k = -2*h + 1060, -19*k = 2*h - 23*k - 1102. Suppose 3*b - 164 = -5*y + 78, -2*b = 2*y - 96. What is the highest common factor of h and y?
49
Let t be (10 + (-1 - 2))*85/5. Let c = 95 + -44. Calculate the highest common divisor of c and t.
17
Suppose -l + 14 = 3*z, 11*l - 6*l - 28 = -z. Suppose -r = -5*r + 2*w + 44, 5*r = -z*w + 66. Calculate the greatest common factor of r and 636.
12
Suppose -68*t + 89174 = -3264 - 52062. Calculate the greatest common factor of 75 and t.
25
Suppose -y + 4 = -8. Let r be (-4)/y*-18 - 0/2. Let k be 4/r + 1/((-12)/(-160)). What is the highest common divisor of 336 and k?
14
Let g(i) = -3*i**2 - 106*i + 82. Let c be g(-36). What is the greatest common factor of 14510 and c?
10
Let t be 222/(-4)*(-12)/18. Suppose t = 4*b - 3. Let w(p) = 4*p**3 + 4*p**2 - 3*p + 5. Let a be w(0). What is the greatest common divisor of b and a?
5
Suppose -9*y = k - 19195, 41*k - 39*k = -4. Calculate the highest common divisor of y and 79.
79
Let d(z) = 18*z**2 - 94*z - 4935. Let g be d(-45). What is the highest common factor of 15 and g?
15
Let t(d) = -2*d**3 + 6*d**2 - 120. Let q be t(-6). Calculate the highest common divisor of q and 165.
33
Let p be 6/4 - (13/(-26) + -4). Suppose 3*o - 937 = -5*s, -p*s = -3*s - 5*o - 569. Calculate the highest common factor of 470 and s.
94
Let m(i) = -i**3 - 34*i**2 + 28*i + 101. Let d be m(-37). Calculate the highest common divisor of 52 and d.
52
Let y be (-2)/8 - (10/(-170) + 364335/(-1020)). What is the greatest common divisor of 816 and y?
51
Suppose 14 = -2*j - 16. Let g be (42*-1)/(3/(-2) + 0). Let n = j + g. What is the greatest common factor of 13 and n?
13
Let n = 5887 - 5881. Let c = -44 + 74. What is the greatest common factor of c and n?
6
Suppose 39*q + 80 = 44*q. Suppose -71 = -q*v + 825. Calculate the highest common factor of v and 7.
7
Let v be 1768008/308 - (3 - (19/7)/1). What is the greatest common divisor of 35 and v?
35
Suppose -3 = 5*c - 13, 10*c = -5*h + 3430. What is the highest common factor of h and 496?
62
Suppose 0 = -4*t + 12, 5*t - 7 = 5*n + 6*t. Let a be (n + 5)*(17 + 6 + -2). Calculate the greatest common factor of 441 and a.
63
Let d = 71 - 64. Suppose 2*p = -l - p + d, 0 = 2*l - 3*p - 32. Let u = -30 - -82. What is the greatest common divisor of l and u?
13
Suppose 0 = -25*k + 23*k + s + 104, 0 = 4*k - 4*s - 192. Calculate the greatest common factor of 122 and k.
2
Let l(s) = -s**3 + 20*s**2 + 46*s - 333. Let y be l(20). Calculate the highest common divisor of 1 and y.
1
Let n(j) = -3*j - 6. Let m be n(-5). Let q = -6129 + 6219. What is the highest common divisor of m and q?
9
Let z be 55/(-15)*-1*3. Let m = 13 - z. Suppose -i + 60 = m*i. What is the greatest common divisor of i and 30?
10
Suppose v - 81 = -2*v. Let y(o) = 145*o - 1559. Let d be y(11). Calculate the highest common factor of d and v.
9
Suppose -3*i + 5*x = i + 1367, -5*i - 1720 = -4*x. Let t = i - -403. What is the greatest common factor of t and 10?
5
Suppose 5*a = -2*z - 0*z - 16, -z - 14 = 4*a. Suppose 0 = -5*q + z*q + 48. Let b be ((-6)/(-4))/3*144. What is the greatest common factor of q and b?
8
Let q = -147 - -347. Let b = 246 - q. What is the highest common factor of 2 and b?
2
Let z be (-19 - 2010/(-105)) + (-41)/(-7). Calculate the highest common factor of 1851 and z.
3
Let s(a) = -3*a**2 - 56*a - 232. Let n be s(-7). What is the highest common factor of 962 and n?
13
Let t be ((-15)/2)/((92/(-72))/(-23)). Let b be 8/10 + (-28242)/t. Calculate the highest common factor of 120 and b.
30
Suppose 169 = 2*q - 5*v - 0*v, 204 = 2*q + 2*v. Let l = q + -93. Calculate the greatest common factor of l and 6.
2
Let z(g) = -310*g - 3174. Let